71 - 275. What is the greatest common factor of b and 18?
18
Let q be 21/12*-2*-18. Calculate the highest common divisor of 7 and q.
7
Let a = -20 + -18. Let f be a/(-6) + (-2)/6. Let j(y) = y**3 - 4*y**2 - 7*y - 8. Let b be j(f). What is the greatest common divisor of b and 33?
11
Suppose 15*z + 320 = 19*z. What is the greatest common factor of 10 and z?
10
Let y(d) = 16*d - 2. Let m be y(2). Suppose 5*g - 20 = 55. Suppose -3*p - 2*p = -g. What is the highest common factor of p and m?
3
Let f(q) = q**3 + 11*q**2 - 14*q + 4. Let i be f(-12). Calculate the highest common divisor of 224 and i.
28
Suppose 4*c - 47 - 5 = 0. Suppose l = 3*l + 3*o - 47, 115 = 4*l - o. Let x = 67 - l. What is the greatest common factor of x and c?
13
Let d(h) = -16*h + 4. Let f be d(-11). Let n(t) = -t**3 - 12*t**2 + 11*t - 6. Let v be n(-13). What is the greatest common factor of f and v?
20
Let z = 62 + -38. Suppose -5*s + 288 = -s. Calculate the greatest common factor of s and z.
24
Let w be 2/(-11) - 1095/(-33). Suppose 297 + w = 2*i. What is the greatest common divisor of i and 15?
15
Suppose 3*a = -0*a + 27. What is the highest common factor of a and 153?
9
Let b = 44 - 31. Suppose 0 = -2*w + b - 5. Calculate the highest common factor of 2 and w.
2
Let a(g) = -g**3 + 6*g**2 + 2*g + 3. Let t(h) = h**3 + 5*h**2 + 5*h + 2. Let p be t(-3). Let b be a(p). Calculate the highest common divisor of 95 and b.
19
Let m be 102/(-5) + (-2)/(-5). Let q = m + 43. Let x(r) = -43*r - 8. Let h be x(-5). What is the greatest common factor of q and h?
23
Let f be (-28)/(-6) + 16/(-24). Let i = -2 + f. Suppose 0*b - 8 = -i*b, 0 = -y - 2*b + 19. What is the greatest common divisor of y and 77?
11
Suppose 72 = -0*d + 6*d. What is the highest common factor of d and 132?
12
Let w be (-2)/6 - 32/(-6). Let k(l) = 2*l - 9. Let y be k(6). Suppose 25 = 5*h, w*u + y*h + 14 = 89. Calculate the highest common factor of u and 4.
4
Suppose -2*r = 6, 8*r - 31 = -2*v + 3*r. What is the greatest common divisor of 184 and v?
23
Suppose -2*n = 2*r - 4*n + 4, -3*n = -5*r. Suppose 106 = r*q - 398. What is the highest common factor of 21 and q?
21
Let c = -4 - -4. Let x be c - -1 - (3 - 3). Calculate the highest common factor of 4 and x.
1
Let o be 47 - (-2)/(-4 - -2). What is the highest common divisor of 23 and o?
23
Let u be (0 - 0) + (2 - -98). Let k(z) = -7*z - 9. Let b be k(-7). What is the greatest common divisor of b and u?
20
Let x = 18 + 16. Calculate the greatest common divisor of 272 and x.
34
Let u be 3/(-9) + 516/36. What is the greatest common divisor of 406 and u?
14
Suppose -2*n + 7*n - 5 = 0. Let g be 1*(1/n + -1). Let m(q) = q + 6. Let u be m(g). Calculate the highest common divisor of 42 and u.
6
Let z(g) = g**2 + g - 1. Let u(j) = -j**2 + 5*j - 4. Let l be u(3). Let b be z(l). Suppose b*m + 0*m = 45. What is the highest common factor of m and 63?
9
Let i = -55 + 115. What is the greatest common divisor of i and 90?
30
Suppose 0 = 5*v - 3*v - 10. Suppose -15 = -v*k + 4*k. What is the greatest common divisor of k and 6?
3
Suppose -2*s + 32 = c, 5*c = 2*s + 50 + 158. What is the greatest common factor of c and 10?
10
Let o be 1082/14 + (-2)/7. Suppose 0 = -h + 3*h - 2. Suppose h = -2*x + 15. What is the highest common divisor of x and o?
7
Let d = 1 + 6. Suppose -4*b = 5*q - 63, -2*b = -2*q + d*q - 39. What is the greatest common divisor of b and 24?
12
Let n = -155 + 173. Calculate the greatest common factor of 117 and n.
9
Suppose -3*z + 379 = 115. What is the greatest common factor of 11 and z?
11
Let x(d) = -d - 1. Let l be x(-1). Suppose 3*w - 90 = -l*w. Suppose g = i - 9, -2*i + 5*g - 51 = -5*i. Calculate the highest common factor of w and i.
6
Let m(j) = 4*j**2 - j - 1. Let a be m(-1). Calculate the greatest common divisor of 20 and a.
4
Let y = -10 - -12. Suppose -3*s + s = y*u - 20, 5*s = 5*u. What is the greatest common divisor of 10 and s?
5
Suppose -4*a + 167 = -5*u, 156 = 5*a + 5*u - 19. What is the highest common factor of 19 and a?
19
Suppose -4*b + 49 = -71. Let w(g) = -2*g + 2. Let k(i) = 4*i - 4. Let n(v) = 4*k(v) + 7*w(v). Let p be n(7). What is the highest common factor of p and b?
6
Let p(d) = d**3 - d**2 + d. Let t be p(2). Let i = -12 - -24. Calculate the highest common divisor of t and i.
6
Suppose -66 = 6*p - 8*p. What is the greatest common divisor of 3 and p?
3
Let p = 9 - 18. Let k = p - -18. Let o(d) = 6*d - 9. Let y be o(k). Calculate the highest common divisor of y and 18.
9
Let u = 11 + -22. Let r = 21 + u. Calculate the greatest common divisor of r and 40.
10
Let c = 2 + 0. Let g be c/4*(4 + 0). Suppose -g*s = -3*d + 82, d + 3*s + 25 = 2*d. Calculate the highest common factor of 42 and d.
14
Let z be -42*(3/6)/((-1)/4). What is the greatest common factor of z and 42?
42
Let p be -2 + (-4)/((-8)/6). What is the greatest common divisor of 3 and p?
1
Let n be 2/(-6) + 83/(-3). Let z = 4 - n. Let u(w) = -w**3 - 7*w**2 + 3*w + 8. Let g be u(-8). What is the greatest common divisor of g and z?
16
Suppose -3*v = -2*v - 11. Let a = 179 - 102. What is the greatest common divisor of a and v?
11
Let d = -79 - -113. Calculate the highest common divisor of 17 and d.
17
Let m(x) = x - 3. Suppose 0*t - 9 = -3*t + s, 4*t - 22 = -2*s. Let l be m(t). Let w be (5 + l)/(6/27). What is the greatest common factor of 9 and w?
9
Let l = 1 + 3. Suppose 4*a + 455 = 5*y - a, -l*y + 3*a + 363 = 0. Calculate the highest common factor of 9 and y.
9
Let x(i) = 2*i - 5. Let o be x(5). Let z = o + -5. Let f(t) = t**3 - t + 85. Let v be f(z). What is the highest common factor of v and 17?
17
Suppose 4*k + 4 = -4*j, 3*k + 2*j - j - 3 = 0. Calculate the highest common factor of k and 3.
1
Let i(w) = -w**2 + 9*w - 7. Let z be i(8). Let g be (8 - 1/z)*1. Let b be (6/g)/(2/28). Calculate the highest common factor of 60 and b.
12
Let k(w) = -w**3 - 10*w**2 - 5*w - 20. Let d be k(-10). What is the greatest common factor of d and 3?
3
Let w be ((-1)/(-2))/(18/3024). What is the highest common factor of 24 and w?
12
Suppose -h + 4 + 122 = 0. Let a(p) = 14*p. Let d be a(1). Calculate the highest common divisor of h and d.
14
Suppose 2*w + 2*s = -s - 38, 5*s = -3*w - 58. Let y = -10 - w. What is the greatest common factor of 42 and y?
6
Let p be 42/189 - (-124)/9. Calculate the greatest common divisor of 196 and p.
14
Suppose 24 = 2*d + 5*x, 4*x - 15 = -d + 3. Calculate the greatest common divisor of 14 and d.
2
Let r = 23 - 20. Let x be 2 - (-15 + (0 - r)). What is the highest common divisor of x and 10?
10
Let s be 1/(-4)*-10*6. Let w(g) = g**2 + 14*g + 39. Let n be w(-12). Calculate the highest common factor of n and s.
15
Let i = 21 - -19. Let s = 21 + -11. Calculate the highest common divisor of i and s.
10
Let v = 2 - -12. Calculate the greatest common factor of v and 35.
7
Let j(l) = l**2 - l + 2. Let b be 0 - -7 - (3 + -3). Let k be j(b). What is the highest common factor of 4 and k?
4
Suppose 2*b - 9 = -b. Let q be 11/2 - (-2)/4. Calculate the highest common factor of q and b.
3
Let g(v) = v**2 - 9*v - 5. Let y be g(10). Suppose -2*c - 2*h + 106 = 0, -2*h - 250 = -y*c - 4*h. Calculate the highest common factor of c and 6.
6
Let v(j) = -16*j - 2. Let s be v(-4). Let y = -42 + s. What is the highest common factor of y and 10?
10
Let n(j) = -24*j**2 - 2*j + 1. Let o be n(1). Let a = 15 + o. Let i be a/55 - (-992)/11. Calculate the greatest common divisor of i and 18.
18
Let x be 1/(4/(3 + 1)). Calculate the greatest common divisor of 4 and x.
1
Let q be (3 - 0)*(-3)/(-3). Let w be 4/14 - 4/14. Suppose 0*y - 5*y + 75 = w. What is the greatest common divisor of q and y?
3
Let y = 97 + -94. Calculate the highest common divisor of 6 and y.
3
Suppose 12 = 4*m - 0. Suppose -4*t + 39 = m*v, 50 - 13 = 2*t + 5*v. What is the highest common factor of 9 and t?
3
Let w = 17 + -15. Let l(d) = 27*d - 2. Let f be l(w). Calculate the highest common divisor of f and 13.
13
Let f be (8/(-4 - -3))/(-2). Suppose f*z - 107 = 45. Calculate the greatest common divisor of z and 95.
19
Let g = 4 + -1. Suppose -g*q = -5*n - 36, 2*n - 9 + 45 = 3*q. Let b(k) = -11*k + 1. Let v be b(-1). What is the greatest common factor of q and v?
12
Let h(n) be the second derivative of n**4/6 + n**3 - 4*n**2 + n. Let g be h(8).